{"id":5228,"date":"2021-11-20T12:43:58","date_gmt":"2021-11-20T12:43:58","guid":{"rendered":"https:\/\/ggchile.cl\/store\/?post_type=product&#038;p=5228"},"modified":"2021-11-20T12:43:59","modified_gmt":"2021-11-20T12:43:59","slug":"beyond-two-souls","status":"publish","type":"product","link":"https:\/\/ggchile.cl\/store\/product\/beyond-two-souls\/","title":{"rendered":"Beyond: Two Souls"},"content":{"rendered":"<p>Talento y narrativa de la mayor calidad dan lugar a una experiencia de juego como jam\u00e1s has vivido.\u00a0<strong>Beyond: Two Souls\u2122<\/strong>\u00a0es una historia psicol\u00f3gica de acci\u00f3n y suspense que cuenta con las actuaciones de las estrellas de Hollywood\u00a0<strong>Elliot Page<\/strong>\u00a0y\u00a0<strong>Willem Dafoe<\/strong>. Te embarcar\u00e1s en un viaje trepidante alrededor del mundo, al jugar la extraordinaria vida de Jodie Holmes. Jodie es distinta: ha nacido con una conexi\u00f3n con una misteriosa entidad de incre\u00edbles poderes. Tus acciones determinar\u00e1n el destino de Jodie conforme se enfrenta a peligros, p\u00e9rdidas desgarradoras y desaf\u00edos extraordinarios en un viaje en busca de la verdad acerca de qui\u00e9n es. Genera una historia cargada de acci\u00f3n por medio de tus acciones y elecciones mientras vives la vida de una ni\u00f1a nacida con un v\u00ednculo con una entidad sobrenatural llamada Aiden. Al jugar como Jodie y Aiden te enfrentar\u00e1s a espectaculares desaf\u00edos f\u00edsicos y psicol\u00f3gicos para entender qu\u00e9 hay&#8230; m\u00e1s all\u00e1. La versi\u00f3n completa de PC incluye la misi\u00f3n descargable original de la versi\u00f3n de PlayStation\u2122. El juego completo tiene dos niveles de dificultad y modalidades de juego en solitario y dual.\u00bfOrden cinem\u00e1tico o cronol\u00f3gico? Escoge el modo en que prefieres experimentar la historia, e incluso juega en modo cooperativo local usando un mando para cada jugador: uno para manejar a Jodie y otro para jugar como Aiden. Juega como prefieras.Beyond: Two Souls llega a PC con impresionantes gr\u00e1ficos que incluyen resoluci\u00f3n en 4K, compatibilidad con pantalla ancha 21:9 y una tasa de fotogramas de 60 FPS.<\/p>\n","protected":false},"excerpt":{"rendered":"<p>Talento y narrativa de la mayor calidad dan lugar a una experiencia de juego como jam\u00e1s has vivido.\u00a0Beyond: Two Souls\u2122\u00a0es una historia psicol\u00f3gica de acci\u00f3n y suspense que cuenta con<\/p>\n","protected":false},"featured_media":5229,"comment_status":"open","ping_status":"closed","template":"","meta":[],"product_brand":[],"product_cat":[234,232,226],"product_tag":[],"class_list":{"0":"post-5228","1":"product","2":"type-product","3":"status-publish","4":"has-post-thumbnail","6":"product_cat-accion-y-aventura","7":"product_cat-playstation","8":"product_cat-playstation-3","10":"first","11":"instock","12":"shipping-taxable","13":"purchasable","14":"product-type-simple"},"yoast_head":"<!-- This site is optimized with the Yoast SEO plugin v26.9 - https:\/\/yoast.com\/product\/yoast-seo-wordpress\/ -->\n<title>Beyond: Two Souls - GGstore Chile<\/title>\n<meta name=\"robots\" content=\"index, follow, max-snippet:-1, max-image-preview:large, max-video-preview:-1\" \/>\n<link rel=\"canonical\" href=\"https:\/\/ggchile.cl\/store\/product\/beyond-two-souls\/\" \/>\n<meta property=\"og:locale\" content=\"es_ES\" \/>\n<meta property=\"og:type\" content=\"article\" \/>\n<meta property=\"og:title\" content=\"Beyond: Two Souls - GGstore Chile\" \/>\n<meta property=\"og:description\" content=\"Talento y narrativa de la mayor calidad dan lugar a una experiencia de juego como jam\u00e1s has vivido.\u00a0Beyond: Two Souls\u2122\u00a0es una historia psicol\u00f3gica de acci\u00f3n y suspense que cuenta con\" \/>\n<meta property=\"og:url\" content=\"https:\/\/ggchile.cl\/store\/product\/beyond-two-souls\/\" \/>\n<meta property=\"og:site_name\" content=\"GGstore Chile\" \/>\n<meta property=\"article:modified_time\" content=\"2021-11-20T12:43:59+00:00\" \/>\n<meta property=\"og:image\" content=\"https:\/\/ggchile.cl\/store\/wp-content\/uploads\/2021\/11\/juego-steam-beyond-two-souls-cover.jpg\" \/>\n\t<meta property=\"og:image:width\" content=\"271\" \/>\n\t<meta property=\"og:image:height\" content=\"377\" \/>\n\t<meta property=\"og:image:type\" content=\"image\/jpeg\" \/>\n<meta name=\"twitter:card\" content=\"summary_large_image\" \/>\n<meta name=\"twitter:label1\" content=\"Tiempo de lectura\" \/>\n\t<meta name=\"twitter:data1\" content=\"2 minutos\" \/>\n<script type=\"application\/ld+json\" class=\"yoast-schema-graph\">{\"@context\":\"https:\/\/schema.org\",\"@graph\":[{\"@type\":\"WebPage\",\"@id\":\"https:\/\/ggchile.cl\/store\/product\/beyond-two-souls\/\",\"url\":\"https:\/\/ggchile.cl\/store\/product\/beyond-two-souls\/\",\"name\":\"Beyond: Two Souls - GGstore Chile\",\"isPartOf\":{\"@id\":\"https:\/\/ggchile.cl\/store\/#website\"},\"primaryImageOfPage\":{\"@id\":\"https:\/\/ggchile.cl\/store\/product\/beyond-two-souls\/#primaryimage\"},\"image\":{\"@id\":\"https:\/\/ggchile.cl\/store\/product\/beyond-two-souls\/#primaryimage\"},\"thumbnailUrl\":\"https:\/\/i0.wp.com\/ggchile.cl\/store\/wp-content\/uploads\/2021\/11\/juego-steam-beyond-two-souls-cover.jpg?fit=271%2C377&ssl=1\",\"datePublished\":\"2021-11-20T12:43:58+00:00\",\"dateModified\":\"2021-11-20T12:43:59+00:00\",\"breadcrumb\":{\"@id\":\"https:\/\/ggchile.cl\/store\/product\/beyond-two-souls\/#breadcrumb\"},\"inLanguage\":\"es\",\"potentialAction\":[{\"@type\":\"ReadAction\",\"target\":[\"https:\/\/ggchile.cl\/store\/product\/beyond-two-souls\/\"]}]},{\"@type\":\"ImageObject\",\"inLanguage\":\"es\",\"@id\":\"https:\/\/ggchile.cl\/store\/product\/beyond-two-souls\/#primaryimage\",\"url\":\"https:\/\/i0.wp.com\/ggchile.cl\/store\/wp-content\/uploads\/2021\/11\/juego-steam-beyond-two-souls-cover.jpg?fit=271%2C377&ssl=1\",\"contentUrl\":\"https:\/\/i0.wp.com\/ggchile.cl\/store\/wp-content\/uploads\/2021\/11\/juego-steam-beyond-two-souls-cover.jpg?fit=271%2C377&ssl=1\",\"width\":271,\"height\":377},{\"@type\":\"BreadcrumbList\",\"@id\":\"https:\/\/ggchile.cl\/store\/product\/beyond-two-souls\/#breadcrumb\",\"itemListElement\":[{\"@type\":\"ListItem\",\"position\":1,\"name\":\"Home\",\"item\":\"https:\/\/ggchile.cl\/store\/\"},{\"@type\":\"ListItem\",\"position\":2,\"name\":\"Shop\",\"item\":\"https:\/\/ggchile.cl\/store\/shop-2\/\"},{\"@type\":\"ListItem\",\"position\":3,\"name\":\"Beyond: Two Souls\"}]},{\"@type\":\"WebSite\",\"@id\":\"https:\/\/ggchile.cl\/store\/#website\",\"url\":\"https:\/\/ggchile.cl\/store\/\",\"name\":\"GGstore Chile\",\"description\":\"TU Tienda de juegos digitales!\",\"publisher\":{\"@id\":\"https:\/\/ggchile.cl\/store\/#organization\"},\"potentialAction\":[{\"@type\":\"SearchAction\",\"target\":{\"@type\":\"EntryPoint\",\"urlTemplate\":\"https:\/\/ggchile.cl\/store\/?s={search_term_string}\"},\"query-input\":{\"@type\":\"PropertyValueSpecification\",\"valueRequired\":true,\"valueName\":\"search_term_string\"}}],\"inLanguage\":\"es\"},{\"@type\":\"Organization\",\"@id\":\"https:\/\/ggchile.cl\/store\/#organization\",\"name\":\"GGstore Chile\",\"url\":\"https:\/\/ggchile.cl\/store\/\",\"logo\":{\"@type\":\"ImageObject\",\"inLanguage\":\"es\",\"@id\":\"https:\/\/ggchile.cl\/store\/#\/schema\/logo\/image\/\",\"url\":\"https:\/\/i0.wp.com\/ggchile.cl\/store\/wp-content\/uploads\/2021\/11\/cropped-icon.png?fit=400%2C400&ssl=1\",\"contentUrl\":\"https:\/\/i0.wp.com\/ggchile.cl\/store\/wp-content\/uploads\/2021\/11\/cropped-icon.png?fit=400%2C400&ssl=1\",\"width\":400,\"height\":400,\"caption\":\"GGstore Chile\"},\"image\":{\"@id\":\"https:\/\/ggchile.cl\/store\/#\/schema\/logo\/image\/\"}}]}<\/script>\n<!-- \/ Yoast SEO plugin. -->","yoast_head_json":{"title":"Beyond: Two Souls - GGstore Chile","robots":{"index":"index","follow":"follow","max-snippet":"max-snippet:-1","max-image-preview":"max-image-preview:large","max-video-preview":"max-video-preview:-1"},"canonical":"https:\/\/ggchile.cl\/store\/product\/beyond-two-souls\/","og_locale":"es_ES","og_type":"article","og_title":"Beyond: Two Souls - GGstore Chile","og_description":"Talento y narrativa de la mayor calidad dan lugar a una experiencia de juego como jam\u00e1s has vivido.\u00a0Beyond: Two Souls\u2122\u00a0es una historia psicol\u00f3gica de acci\u00f3n y suspense que cuenta con","og_url":"https:\/\/ggchile.cl\/store\/product\/beyond-two-souls\/","og_site_name":"GGstore Chile","article_modified_time":"2021-11-20T12:43:59+00:00","og_image":[{"width":271,"height":377,"url":"https:\/\/ggchile.cl\/store\/wp-content\/uploads\/2021\/11\/juego-steam-beyond-two-souls-cover.jpg","type":"image\/jpeg"}],"twitter_card":"summary_large_image","twitter_misc":{"Tiempo de lectura":"2 minutos"},"schema":{"@context":"https:\/\/schema.org","@graph":[{"@type":"WebPage","@id":"https:\/\/ggchile.cl\/store\/product\/beyond-two-souls\/","url":"https:\/\/ggchile.cl\/store\/product\/beyond-two-souls\/","name":"Beyond: Two Souls - GGstore Chile","isPartOf":{"@id":"https:\/\/ggchile.cl\/store\/#website"},"primaryImageOfPage":{"@id":"https:\/\/ggchile.cl\/store\/product\/beyond-two-souls\/#primaryimage"},"image":{"@id":"https:\/\/ggchile.cl\/store\/product\/beyond-two-souls\/#primaryimage"},"thumbnailUrl":"https:\/\/i0.wp.com\/ggchile.cl\/store\/wp-content\/uploads\/2021\/11\/juego-steam-beyond-two-souls-cover.jpg?fit=271%2C377&ssl=1","datePublished":"2021-11-20T12:43:58+00:00","dateModified":"2021-11-20T12:43:59+00:00","breadcrumb":{"@id":"https:\/\/ggchile.cl\/store\/product\/beyond-two-souls\/#breadcrumb"},"inLanguage":"es","potentialAction":[{"@type":"ReadAction","target":["https:\/\/ggchile.cl\/store\/product\/beyond-two-souls\/"]}]},{"@type":"ImageObject","inLanguage":"es","@id":"https:\/\/ggchile.cl\/store\/product\/beyond-two-souls\/#primaryimage","url":"https:\/\/i0.wp.com\/ggchile.cl\/store\/wp-content\/uploads\/2021\/11\/juego-steam-beyond-two-souls-cover.jpg?fit=271%2C377&ssl=1","contentUrl":"https:\/\/i0.wp.com\/ggchile.cl\/store\/wp-content\/uploads\/2021\/11\/juego-steam-beyond-two-souls-cover.jpg?fit=271%2C377&ssl=1","width":271,"height":377},{"@type":"BreadcrumbList","@id":"https:\/\/ggchile.cl\/store\/product\/beyond-two-souls\/#breadcrumb","itemListElement":[{"@type":"ListItem","position":1,"name":"Home","item":"https:\/\/ggchile.cl\/store\/"},{"@type":"ListItem","position":2,"name":"Shop","item":"https:\/\/ggchile.cl\/store\/shop-2\/"},{"@type":"ListItem","position":3,"name":"Beyond: Two Souls"}]},{"@type":"WebSite","@id":"https:\/\/ggchile.cl\/store\/#website","url":"https:\/\/ggchile.cl\/store\/","name":"GGstore Chile","description":"TU Tienda de juegos digitales!","publisher":{"@id":"https:\/\/ggchile.cl\/store\/#organization"},"potentialAction":[{"@type":"SearchAction","target":{"@type":"EntryPoint","urlTemplate":"https:\/\/ggchile.cl\/store\/?s={search_term_string}"},"query-input":{"@type":"PropertyValueSpecification","valueRequired":true,"valueName":"search_term_string"}}],"inLanguage":"es"},{"@type":"Organization","@id":"https:\/\/ggchile.cl\/store\/#organization","name":"GGstore Chile","url":"https:\/\/ggchile.cl\/store\/","logo":{"@type":"ImageObject","inLanguage":"es","@id":"https:\/\/ggchile.cl\/store\/#\/schema\/logo\/image\/","url":"https:\/\/i0.wp.com\/ggchile.cl\/store\/wp-content\/uploads\/2021\/11\/cropped-icon.png?fit=400%2C400&ssl=1","contentUrl":"https:\/\/i0.wp.com\/ggchile.cl\/store\/wp-content\/uploads\/2021\/11\/cropped-icon.png?fit=400%2C400&ssl=1","width":400,"height":400,"caption":"GGstore Chile"},"image":{"@id":"https:\/\/ggchile.cl\/store\/#\/schema\/logo\/image\/"}}]}},"jetpack_sharing_enabled":true,"jetpack-related-posts":[],"_links":{"self":[{"href":"https:\/\/ggchile.cl\/store\/wp-json\/wp\/v2\/product\/5228","targetHints":{"allow":["GET"]}}],"collection":[{"href":"https:\/\/ggchile.cl\/store\/wp-json\/wp\/v2\/product"}],"about":[{"href":"https:\/\/ggchile.cl\/store\/wp-json\/wp\/v2\/types\/product"}],"replies":[{"embeddable":true,"href":"https:\/\/ggchile.cl\/store\/wp-json\/wp\/v2\/comments?post=5228"}],"wp:featuredmedia":[{"embeddable":true,"href":"https:\/\/ggchile.cl\/store\/wp-json\/wp\/v2\/media\/5229"}],"wp:attachment":[{"href":"https:\/\/ggchile.cl\/store\/wp-json\/wp\/v2\/media?parent=5228"}],"wp:term":[{"taxonomy":"product_brand","embeddable":true,"href":"https:\/\/ggchile.cl\/store\/wp-json\/wp\/v2\/product_brand?post=5228"},{"taxonomy":"product_cat","embeddable":true,"href":"https:\/\/ggchile.cl\/store\/wp-json\/wp\/v2\/product_cat?post=5228"},{"taxonomy":"product_tag","embeddable":true,"href":"https:\/\/ggchile.cl\/store\/wp-json\/wp\/v2\/product_tag?post=5228"}],"curies":[{"name":"wp","href":"https:\/\/api.w.org\/{rel}","templated":true}]}}